digit of 475?
4
What is the thousands digit of 129421?
9
What is the ten thousands digit of 51899?
5
What is the hundreds digit of 27126?
1
What is the units digit of 54?
4
What is the units digit of 631?
1
What is the units digit of 1875?
5
What is the tens digit of 12460?
6
What is the thousands digit of 1386?
1
What is the hundreds digit of 1272?
2
What is the thousands digit of 16722?
6
What is the tens digit of 1887?
8
What is the units digit of 37883?
3
What is the thousands digit of 30857?
0
What is the hundreds digit of 9216?
2
What is the ten thousands digit of 47661?
4
What is the hundred thousands digit of 102219?
1
What is the hundreds digit of 1822?
8
What is the thousands digit of 71471?
1
What is the tens digit of 15?
1
What is the hundreds digit of 1242?
2
What is the hundreds digit of 6525?
5
What is the thousands digit of 76452?
6
What is the hundreds digit of 3733?
7
What is the thousands digit of 5293?
5
What is the hundreds digit of 126360?
3
What is the thousands digit of 88757?
8
What is the tens digit of 800?
0
What is the thousands digit of 90727?
0
What is the thousands digit of 2583?
2
What is the hundreds digit of 25722?
7
What is the hundreds digit of 85835?
8
What is the units digit of 8174?
4
What is the ten thousands digit of 29751?
2
What is the hundreds digit of 16261?
2
What is the hundreds digit of 874?
8
What is the tens digit of 9785?
8
What is the tens digit of 372?
7
What is the units digit of 88161?
1
What is the hundreds digit of 643?
6
What is the ten thousands digit of 11342?
1
What is the units digit of 5858?
8
What is the units digit of 936?
6
What is the thousands digit of 5044?
5
What is the units digit of 16475?
5
What is the thousands digit of 12896?
2
What is the tens digit of 39269?
6
What is the hundreds digit of 59437?
4
What is the hundreds digit of 736?
7
What is the ten thousands digit of 54694?
5
What is the thousands digit of 2402?
2
What is the ten thousands digit of 27500?
2
What is the thousands digit of 17153?
7
What is the hundreds digit of 8752?
7
What is the units digit of 4845?
5
What is the thousands digit of 47498?
7
What is the tens digit of 28857?
5
What is the tens digit of 1629?
2
What is the tens digit of 7657?
5
What is the thousands digit of 50858?
0
What is the thousands digit of 1124?
1
What is the units digit of 4612?
2
What is the hundreds digit of 9992?
9
What is the hundreds digit of 5389?
3
What is the hundreds digit of 193?
1
What is the thousands digit of 7393?
7
What is the ten thousands digit of 10770?
1
What is the tens digit of 10848?
4
What is the thousands digit of 12015?
2
What is the tens digit of 510?
1
What is the units digit of 4816?
6
What is the tens digit of 4618?
1
What is the hundreds digit of 366?
3
What is the tens digit of 485?
8
What is the hundreds digit of 1048?
0
What is the tens digit of 3800?
0
What is the units digit of 6159?
9
What is the units digit of 649?
9
What is the ten thousands digit of 35832?
3
What is the thousands digit of 2422?
2
What is the thousands digit of 87210?
7
What is the units digit of 3446?
6
What is the units digit of 50109?
9
What is the tens digit of 555?
5
What is the hundreds digit of 29629?
6
What is the thousands digit of 17832?
7
What is the hundreds digit of 5566?
5
What is the thousands digit of 1560?
1
What is the hundreds digit of 8979?
9
What is the tens digit of 2114?
1
What is the ten thousands digit of 32266?
3
What is the hundreds digit of 959?
9
What is the units digit of 717?
7
What is the hundreds digit of 1594?
5
What is the tens digit of 2387?
8
What is the hundreds digit of 13235?
2
What is the units digit of 17291?
1
What is the tens digit of 1589?
8
What is the units digit of 5131?
1
What is the units digit of 44691?
1
What is the ten thousands digit of 57519?
5
What is the hundreds digit of 5573?
5
What is the hundreds digit of 5299?
2
What is the thousands digit of 16590?
6
What is the hundreds digit of 9902?
9
What is the tens digit of 928?
2
What is the units digit of 1656?
6
What is the hundreds digit of 2084?
0
What is the tens digit of 2387?
8
What is the units digit of 492?
2
What is the thousands digit of 1596?
1
What is the tens digit of 1263?
6
What is the tens digit of 165718?
1
What is the hundreds digit of 22999?
9
What is the tens digit of 4212?
1
What is the tens digit of 66?
6
What is the units digit of 40011?
1
What is the thousands digit of 26505?
6
What is the tens digit of 916?
1
What is the ten thousands digit of 49750?
4
What is the hundreds digit of 116?
1
What is the hundreds digit of 718?
7
What is the units digit of 7834?
4
What is the units digit of 25982?
2
What is the units digit of 65765?
5
What is the units digit of 5450?
0
What is the units digit of 3815?
5
What is the hundreds digit of 14370?
3
What is the hundreds digit of 1262?
2
What is the units digit of 9899?
9
What is the thousands digit of 56516?
6
What is the hundreds digit of 79096?
0
What is the hundreds digit of 5418?
4
What is the tens digit of 1328?
2
What is the tens digit of 36443?
4
What is the hundreds digit of 255?
2
What is the tens digit of 5819?
1
What is the tens digit of 46752?
5
What is the tens digit of 574?
7
What is the hundreds digit of 10613?
6
What is the units digit of 11178?
8
What is the hundreds digit of 626?
6
What is the thousands digit of 17591?
7
What is the tens digit of 2992?
9
What is the ten thousands digit of 107064?
0
What is the hundreds digit of 1244?
2
What is the units digit of 584?
4
What is the thousands digit of 5028?
5
What is the thousands digit of 6323?
6
What is the ten thousands digit of 28901?
2
What is the ten thousands digit of 20385?
2
What is the hundreds digit of 409?
4
What is the tens digit of 178?
7
What is the ten thousands digit of 75844?
7
What is the tens digit of 4284?
8
What is the ten thousands digit of 79984?
7
What is the units digit of 2968?
8
What is the ten thousands digit of 11061?
1
What is the ten thousands digit of 39990?
3
What is the units digit of 9918?
8
What is the thousands digit of 91772?
1
What is the ten thousands digit of 22084?
2
What is the units digit of 4490?
0
What is the hundreds digit of 17391?
3
What is the thousands digit of 1740?
1
What is the tens digit of 5058?
5
What is the units digit of 24231?
1
What is the thousands digit of 60954?
0
What is the units digit of 1882?
2
What is the units digit of 345?
5
What is the tens digit of 2196?
9
What is the thousands digit of 3091?
3
What is the tens digit of 26109?
0
What is the thousands digit of 2680?
2
What is the hundreds digit of 2089?
0
What is the thousands digit of 21222?
1
What is the units digit of 6198?
8
What is the thousands digit of 5014?
5
What is the tens digit of 8005?
0
What is the hundreds digit of 30014?
0
What is the tens digit of 4595?
9
What is the thousands digit of 2177?
2
What is the units digit of 592?
2
What is the hundreds digit of 300?
3
What is the thousands digit of 2184?
2
What is the ten thousands digit of 27652?
2
What is the thousands digit of 103718?
3
What is the tens digit of 15590?
9
What is the thousands digit of 6794?
6
What is the hundred thousands digit of 149949?
1
What is the hundreds digit of 1125?
1
What is the hundreds digit of 1541?
5
What is the tens digit of 1697?
9
What is the tens digit of 2107?
0
What is the tens digit of 48983?
8
What is the tens digit of 2466?
6
What is the thousands digit of 14946?
4
What is the tens digit of 22587?
8
What is the hundreds digit of 438?
4
What is the thousands digit of 28843?
8
What is the hundreds digit of 2731?
7
What is the units digit of 39537?
7
What is the tens digit of 985?
8
What is the units digit of 343?
3
What is the hundreds digit of 5115?
1
What is the units digit of 46842?
2
What is the hundreds digit of 1114?
1
What is the hundreds digit of 43776?
7
What is the units digit of 18656?
6
What is the tens digit of 10675?
7
What is the units digit of 944?
4
What is the hundreds digit of 36555?
5
What is the hundreds digit of 117?
1
What is the tens digit of 562?
6
What is the thousands digit of 66729?
6
What is the units digit of 5213?
3
What is the hundreds digit of 556?
5
What is the tens digit of 2989?
8
What is the tens digit of 5218?
1
What is the t